{"id":1254,"date":"2025-10-31T18:27:43","date_gmt":"2025-10-31T21:27:43","guid":{"rendered":"https:\/\/dioceseanglicanadenampula.com\/?page_id=1254"},"modified":"2025-11-01T14:17:02","modified_gmt":"2025-11-01T17:17:02","slug":"contacto","status":"publish","type":"page","link":"https:\/\/dioceseanglicanadenampula.com\/?page_id=1254","title":{"rendered":"CONTACTO"},"content":{"rendered":"\n<p>A <strong>Diocese Anglicana de Nampula<\/strong> est\u00e1 sempre dispon\u00edvel para acolher, ouvir e caminhar consigo.<br>Se deseja obter mais informa\u00e7\u00f5es, partilhar uma inten\u00e7\u00e3o de ora\u00e7\u00e3o, solicitar apoio pastoral ou colaborar com a nossa miss\u00e3o, entre em contacto connosco atrav\u00e9s dos canais abaixo.<\/p>\n\n\n\n<p><strong>Endere\u00e7o:<\/strong><br>Q8 C1 Marrere, C.P. 44<br>Nampula \u2013 Mo\u00e7ambique<\/p>\n\n\n\n<p><strong>Telefones:<\/strong><br>\ud83d\udcde +258 84 79 86 225<br>\ud83d\udcde +258 87 28 55 232<\/p>\n\n\n\n<p><strong>E-mail:<\/strong><br>\u2709\ufe0f <a href=\"mailto:mernesto.diocese.niassa@gmail.com\">mernesto.diocese.niassa@gmail.com<\/a><\/p>\n\n\n\n<p><strong>Hor\u00e1rio de atendimento:<\/strong><br>Segunda a Sexta-feira \u2014 08h00 \u00e0s 16h00<\/p>\n\n\n\n<blockquote class=\"wp-block-quote is-layout-flow wp-block-quote-is-layout-flow\">\n<p>\u201cServimos com amor e estamos aqui para partilhar a f\u00e9, a esperan\u00e7a e a comunh\u00e3o em Cristo.\u201d<\/p>\n<\/blockquote>\n","protected":false},"excerpt":{"rendered":"<p>A Diocese Anglicana de Nampula est\u00e1 sempre dispon\u00edvel para acolher, ouvir e caminhar consigo.Se deseja obter mais informa\u00e7\u00f5es, partilhar uma inten\u00e7\u00e3o de ora\u00e7\u00e3o, solicitar apoio pastoral ou colaborar com a nossa miss\u00e3o, entre em contacto connosco atrav\u00e9s dos canais abaixo. Endere\u00e7o:Q8 C1 Marrere, C.P. 44Nampula \u2013 Mo\u00e7ambique Telefones:\ud83d\udcde +258 84 79 86 225\ud83d\udcde +258 87 [&hellip;]<\/p>\n","protected":false},"author":1,"featured_media":1482,"parent":0,"menu_order":0,"comment_status":"closed","ping_status":"closed","template":"","meta":{"footnotes":""},"class_list":["post-1254","page","type-page","status-publish","has-post-thumbnail","hentry"],"_links":{"self":[{"href":"https:\/\/dioceseanglicanadenampula.com\/index.php?rest_route=\/wp\/v2\/pages\/1254","targetHints":{"allow":["GET"]}}],"collection":[{"href":"https:\/\/dioceseanglicanadenampula.com\/index.php?rest_route=\/wp\/v2\/pages"}],"about":[{"href":"https:\/\/dioceseanglicanadenampula.com\/index.php?rest_route=\/wp\/v2\/types\/page"}],"author":[{"embeddable":true,"href":"https:\/\/dioceseanglicanadenampula.com\/index.php?rest_route=\/wp\/v2\/users\/1"}],"replies":[{"embeddable":true,"href":"https:\/\/dioceseanglicanadenampula.com\/index.php?rest_route=%2Fwp%2Fv2%2Fcomments&post=1254"}],"version-history":[{"count":2,"href":"https:\/\/dioceseanglicanadenampula.com\/index.php?rest_route=\/wp\/v2\/pages\/1254\/revisions"}],"predecessor-version":[{"id":1508,"href":"https:\/\/dioceseanglicanadenampula.com\/index.php?rest_route=\/wp\/v2\/pages\/1254\/revisions\/1508"}],"wp:featuredmedia":[{"embeddable":true,"href":"https:\/\/dioceseanglicanadenampula.com\/index.php?rest_route=\/wp\/v2\/media\/1482"}],"wp:attachment":[{"href":"https:\/\/dioceseanglicanadenampula.com\/index.php?rest_route=%2Fwp%2Fv2%2Fmedia&parent=1254"}],"curies":[{"name":"wp","href":"https:\/\/api.w.org\/{rel}","templated":true}]}}