{"id":1320,"date":"2025-10-31T20:03:20","date_gmt":"2025-10-31T23:03:20","guid":{"rendered":"https:\/\/dioceseanglicanadenampula.com\/?page_id=1320"},"modified":"2025-10-31T20:24:37","modified_gmt":"2025-10-31T23:24:37","slug":"mudancas-climaticas","status":"publish","type":"page","link":"https:\/\/dioceseanglicanadenampula.com\/?page_id=1320","title":{"rendered":"MUDAN\u00c7AS CLIM\u00c1TICAS E EMERG\u00caNCIAS"},"content":{"rendered":"","protected":false},"excerpt":{"rendered":"","protected":false},"author":1,"featured_media":0,"parent":0,"menu_order":0,"comment_status":"closed","ping_status":"closed","template":"","meta":{"footnotes":""},"class_list":["post-1320","page","type-page","status-publish","hentry"],"_links":{"self":[{"href":"https:\/\/dioceseanglicanadenampula.com\/index.php?rest_route=\/wp\/v2\/pages\/1320","targetHints":{"allow":["GET"]}}],"collection":[{"href":"https:\/\/dioceseanglicanadenampula.com\/index.php?rest_route=\/wp\/v2\/pages"}],"about":[{"href":"https:\/\/dioceseanglicanadenampula.com\/index.php?rest_route=\/wp\/v2\/types\/page"}],"author":[{"embeddable":true,"href":"https:\/\/dioceseanglicanadenampula.com\/index.php?rest_route=\/wp\/v2\/users\/1"}],"replies":[{"embeddable":true,"href":"https:\/\/dioceseanglicanadenampula.com\/index.php?rest_route=%2Fwp%2Fv2%2Fcomments&post=1320"}],"version-history":[{"count":3,"href":"https:\/\/dioceseanglicanadenampula.com\/index.php?rest_route=\/wp\/v2\/pages\/1320\/revisions"}],"predecessor-version":[{"id":1342,"href":"https:\/\/dioceseanglicanadenampula.com\/index.php?rest_route=\/wp\/v2\/pages\/1320\/revisions\/1342"}],"wp:attachment":[{"href":"https:\/\/dioceseanglicanadenampula.com\/index.php?rest_route=%2Fwp%2Fv2%2Fmedia&parent=1320"}],"curies":[{"name":"wp","href":"https:\/\/api.w.org\/{rel}","templated":true}]}}