{"id":1420,"date":"2025-11-01T10:52:45","date_gmt":"2025-11-01T13:52:45","guid":{"rendered":"https:\/\/dioceseanglicanadenampula.com\/?page_id=1420"},"modified":"2025-11-01T10:52:46","modified_gmt":"2025-11-01T13:52:46","slug":"sao-tiago-jerusalem-de-subestacao","status":"publish","type":"page","link":"https:\/\/dioceseanglicanadenampula.com\/?page_id=1420","title":{"rendered":"S\u00c3O TIAGO JERUSAL\u00c9M DE SUBESTA\u00c7\u00c3O"},"content":{"rendered":"","protected":false},"excerpt":{"rendered":"","protected":false},"author":1,"featured_media":0,"parent":0,"menu_order":0,"comment_status":"closed","ping_status":"closed","template":"","meta":{"footnotes":""},"class_list":["post-1420","page","type-page","status-publish","hentry"],"_links":{"self":[{"href":"https:\/\/dioceseanglicanadenampula.com\/index.php?rest_route=\/wp\/v2\/pages\/1420","targetHints":{"allow":["GET"]}}],"collection":[{"href":"https:\/\/dioceseanglicanadenampula.com\/index.php?rest_route=\/wp\/v2\/pages"}],"about":[{"href":"https:\/\/dioceseanglicanadenampula.com\/index.php?rest_route=\/wp\/v2\/types\/page"}],"author":[{"embeddable":true,"href":"https:\/\/dioceseanglicanadenampula.com\/index.php?rest_route=\/wp\/v2\/users\/1"}],"replies":[{"embeddable":true,"href":"https:\/\/dioceseanglicanadenampula.com\/index.php?rest_route=%2Fwp%2Fv2%2Fcomments&post=1420"}],"version-history":[{"count":1,"href":"https:\/\/dioceseanglicanadenampula.com\/index.php?rest_route=\/wp\/v2\/pages\/1420\/revisions"}],"predecessor-version":[{"id":1421,"href":"https:\/\/dioceseanglicanadenampula.com\/index.php?rest_route=\/wp\/v2\/pages\/1420\/revisions\/1421"}],"wp:attachment":[{"href":"https:\/\/dioceseanglicanadenampula.com\/index.php?rest_route=%2Fwp%2Fv2%2Fmedia&parent=1420"}],"curies":[{"name":"wp","href":"https:\/\/api.w.org\/{rel}","templated":true}]}}